{"id":93,"date":"2023-08-13T22:33:20","date_gmt":"2023-08-13T20:33:20","guid":{"rendered":"https:\/\/corneilleaveugle.be\/?page_id=93"},"modified":"2023-08-13T22:48:57","modified_gmt":"2023-08-13T20:48:57","slug":"nos-vins-en-nos-cepages","status":"publish","type":"page","link":"https:\/\/corneilleaveugle.be\/?page_id=93","title":{"rendered":"Nos vins en nos c\u00e9pages"},"content":{"rendered":"\n<h2 class=\"wp-block-heading\" id=\"C\u00e9pages\">Nos c\u00e9pages<\/h2>\n\n\n\n<ul class=\"wp-block-list\">\n<li>Solaris<\/li>\n\n\n\n<li>Muscaris<\/li>\n\n\n\n<li>R\u00e9gent<\/li>\n\n\n\n<li>Pinotin<\/li>\n\n\n\n<li>Muscat Bleu<\/li>\n<\/ul>\n\n\n\n<p>Tous intersp\u00e9cifiques, ces c\u00e9pages sont bien adapt\u00e9s au climat belge, et sont tr\u00e8s peu sensibles aux maladies communes, ce qui permet de fonctionner avec&nbsp;<strong>un niveau d\u2019imp\u00e9trants minimes, tous naturels<\/strong>.<\/p>\n\n\n\n<figure class=\"wp-block-image size-large\"><img loading=\"lazy\" decoding=\"async\" width=\"1024\" height=\"682\" src=\"https:\/\/corneilleaveugle.be\/wp-content\/uploads\/2023\/08\/Sans-titre-2-1024x682.jpg\" alt=\"\" class=\"wp-image-107\" srcset=\"https:\/\/corneilleaveugle.be\/wp-content\/uploads\/2023\/08\/Sans-titre-2-1024x682.jpg 1024w, https:\/\/corneilleaveugle.be\/wp-content\/uploads\/2023\/08\/Sans-titre-2-300x200.jpg 300w, https:\/\/corneilleaveugle.be\/wp-content\/uploads\/2023\/08\/Sans-titre-2-768x512.jpg 768w, https:\/\/corneilleaveugle.be\/wp-content\/uploads\/2023\/08\/Sans-titre-2.jpg 1265w\" sizes=\"auto, (max-width: 767px) 89vw, (max-width: 1000px) 54vw, (max-width: 1071px) 543px, 580px\" \/><\/figure>\n\n\n\n<h2 class=\"wp-block-heading\">Nos vins<\/h2>\n\n\n\n<p><strong>P\u00e9tillant :<\/strong><\/p>\n\n\n\n<ul class=\"wp-block-list\">\n<li>Bouteille Dechamps \u2013 Effervescent \u2013 Blanc<\/li>\n<\/ul>\n\n\n\n<p><strong>Vins Blancs :<\/strong><\/p>\n\n\n\n<ul class=\"wp-block-list\">\n<li>Solaris<\/li>\n\n\n\n<li>Muscaris<\/li>\n<\/ul>\n\n\n\n<p><strong>Vins rouges :<\/strong><\/p>\n\n\n\n<ul class=\"wp-block-list\">\n<li>Muscat Bleu<\/li>\n\n\n\n<li>Muscat Bleu \u00ab&nbsp;Barrique&nbsp;\u00bb<\/li>\n<\/ul>\n","protected":false},"excerpt":{"rendered":"<p>Nos c\u00e9pages Tous intersp\u00e9cifiques, ces c\u00e9pages sont bien adapt\u00e9s au climat belge, et sont tr\u00e8s peu sensibles aux maladies communes, ce qui permet de fonctionner avec&nbsp;un niveau d\u2019imp\u00e9trants minimes, tous naturels. Nos vins P\u00e9tillant : Vins Blancs : Vins rouges :<\/p>\n","protected":false},"author":1,"featured_media":41,"parent":0,"menu_order":0,"comment_status":"closed","ping_status":"closed","template":"","meta":{"footnotes":""},"class_list":["post-93","page","type-page","status-publish","has-post-thumbnail","hentry"],"_links":{"self":[{"href":"https:\/\/corneilleaveugle.be\/index.php?rest_route=\/wp\/v2\/pages\/93","targetHints":{"allow":["GET"]}}],"collection":[{"href":"https:\/\/corneilleaveugle.be\/index.php?rest_route=\/wp\/v2\/pages"}],"about":[{"href":"https:\/\/corneilleaveugle.be\/index.php?rest_route=\/wp\/v2\/types\/page"}],"author":[{"embeddable":true,"href":"https:\/\/corneilleaveugle.be\/index.php?rest_route=\/wp\/v2\/users\/1"}],"replies":[{"embeddable":true,"href":"https:\/\/corneilleaveugle.be\/index.php?rest_route=%2Fwp%2Fv2%2Fcomments&post=93"}],"version-history":[{"count":4,"href":"https:\/\/corneilleaveugle.be\/index.php?rest_route=\/wp\/v2\/pages\/93\/revisions"}],"predecessor-version":[{"id":108,"href":"https:\/\/corneilleaveugle.be\/index.php?rest_route=\/wp\/v2\/pages\/93\/revisions\/108"}],"wp:featuredmedia":[{"embeddable":true,"href":"https:\/\/corneilleaveugle.be\/index.php?rest_route=\/wp\/v2\/media\/41"}],"wp:attachment":[{"href":"https:\/\/corneilleaveugle.be\/index.php?rest_route=%2Fwp%2Fv2%2Fmedia&parent=93"}],"curies":[{"name":"wp","href":"https:\/\/api.w.org\/{rel}","templated":true}]}}